nd y?
44
Suppose 0 = b + b - 12. Calculate the greatest common divisor of b and 6.
6
Let a(p) = -4*p**2 + 3*p + 5. Let x(o) = -7*o**2 + 6*o + 9. Let v(u) = 5*a(u) - 3*x(u). Let t be v(5). What is the highest common factor of t and 12?
4
Let k be 1 - 9/(3*-1). Suppose -k*v + 3 = -1. Suppose w - 4 + v = 0. What is the highest common divisor of w and 3?
3
Let c(p) = 17*p**2 + 2. Let v be c(-3). Suppose -2*i - 40 = -2*h, 3*i + v = 5*h + 45. Calculate the greatest common factor of 275 and h.
25
Suppose 10 = -z + 6*z. Suppose -3*h - 1 = z*g + 2*g, 0 = -g - 4. What is the greatest common divisor of 40 and h?
5
Let f = 7 - 11. Let a(j) = -j - 4. Let q be a(f). Suppose -4*n - 14 + 39 = 5*k, q = -3*n - 15. What is the highest common divisor of 6 and k?
3
Let a(u) = -6*u + 1. Let p be a(-2). Let s = 19 - p. Calculate the highest common factor of s and 24.
6
Suppose 4*m + 3*t = 100 + 20, 2*t = m - 19. Let i be ((-24)/9)/((-6)/m). What is the greatest common factor of i and 24?
12
Let w(d) = -3 - d + 2 + 3. Let n be w(0). Suppose n*r - r - 10 = 0. What is the highest common divisor of 90 and r?
10
Suppose 9 = -5*k - 6. Let x be ((-6)/10)/(k/45). Calculate the highest common divisor of 36 and x.
9
Let g be (-2)/((-12)/126) - 1. What is the greatest common factor of g and 20?
20
Let z = 25 - 10. Suppose 0 = -4*h + i + 415, -2*h + 440 = 2*h + 4*i. Suppose -6*v + h = v. Calculate the greatest common divisor of v and z.
15
Let o be (-30)/(-7) - 2/7. Suppose -9*i + 0*i = -54. What is the greatest common divisor of i and o?
2
Suppose 13*u - 82 = 48. What is the highest common divisor of 6 and u?
2
Let k be 6/(-4)*(4 - 28). Let n(q) = -5*q - 5. Let z be n(-4). Let j = z - -3. Calculate the greatest common divisor of k and j.
18
Let o = 3 - 1. Suppose -3 = -o*x + 3. Suppose 0 = -x*z + 210 - 15. Calculate the greatest common divisor of 13 and z.
13
Let s(z) = -z**3 - 4*z**2 - z. Let d be s(-4). Suppose -5*v + v + 96 = 0. Let w = v + -8. What is the greatest common divisor of d and w?
4
Suppose 5*j - 20 = 60. Let y(h) = 2*h**3 + h**2 - h - 1. Let s be y(-1). Let l be ((-24)/(-9))/(s/(-3)). What is the highest common factor of j and l?
8
Let j(n) = 4*n**2 - 4*n + 5. Let o(t) = t + 2. Let b be o(0). Let l be j(b). What is the highest common divisor of 39 and l?
13
Suppose 3*h - 112 - 19 = -2*r, r = -3*h + 61. Let z = 17 + -3. Calculate the highest common factor of r and z.
14
Let s be (-228)/9*-3 - -4. What is the greatest common factor of 16 and s?
16
Suppose 3*k = -2*k + 45. What is the greatest common factor of 81 and k?
9
Let q be (220/3)/(1/3). Suppose -q = -0*m - 4*m. Let a be (1 - 11)*1/(-2). Calculate the highest common factor of a and m.
5
Suppose -4*p + 9 = -31. What is the greatest common divisor of p and 8?
2
Let h be 11120/56 + (-8)/14. Calculate the highest common divisor of h and 18.
18
Let a(y) = y**2 + 8*y + 4. Let h be a(-7). Let u(j) = -3 + j**2 + j + 4*j**2 + 2*j**2. Let b be u(h). Calculate the greatest common divisor of b and 38.
19
Suppose 10*x - 318 = -18. Calculate the greatest common factor of x and 12.
6
Let g(x) = x**3 + 4*x**2 - 3*x. Let l be g(-4). Let o = 78 + -42. Calculate the highest common factor of l and o.
12
Let q(k) = 8*k**2. Let c be q(1). Suppose 3*a + 352 = 7*a. What is the highest common factor of a and c?
8
Let b(t) = 46*t**2 - 2*t. Let w be b(2). Calculate the highest common factor of 72 and w.
36
Let l = 10 + 0. Suppose 2*s - 1 = 9. Let z be 16*-1*-1*s. Calculate the highest common factor of l and z.
10
Let g(x) = 0*x + 1 + 126*x**2 + 2*x - 3*x. Let u be g(1). Let b = -4 + 18. What is the highest common divisor of u and b?
14
Suppose 87 - 79 = 2*p. What is the greatest common divisor of 5 and p?
1
Let c be (0 - 0)/(-4 + 6). Suppose -4*u + 352 + 12 = c. Suppose -8*q + 3*q + 383 = x, -q + u = 5*x. What is the highest common divisor of 19 and q?
19
Suppose 0 = -3*m - 3*m + 42. Calculate the greatest common divisor of m and 21.
7
Let t = 4 + 5. Suppose 450 = 7*c - 2*c. What is the greatest common factor of t and c?
9
Let b be (0 - 2/(-1)) + 0. Suppose b*k - 4 = 14. What is the greatest common divisor of 6 and k?
3
Let t = -7 + 10. Let d be 42/4 + t/6. Let y be 36/63 - 1224/(-14). What is the greatest common factor of d and y?
11
Let f be (1/2)/((-1)/(-28)). What is the greatest common divisor of f and 154?
14
Let o be 2/4*76*4. Let c be (60/16)/((-2)/o). Let f be 1/3 + c/(-9). Calculate the highest common factor of 48 and f.
16
Suppose 0*f - 4*f + 24 = -4*b, 0 = -4*b - 16. Suppose d = f*a + 4, 5*a - 8 = -d + 6*a. What is the highest common divisor of 12 and d?
12
Suppose 6*y = y + 75. Let b = -14 - -18. Suppose -61 = -b*h - 21. What is the highest common divisor of h and y?
5
Let s be (25/(-10))/(2/(-12)). Let v be s/5 + 2 + 7. What is the highest common factor of v and 12?
12
Let w be (-4)/(-3)*9/6. Suppose 13 = a - w*h + 5*h, -3*h - 17 = -2*a. What is the highest common factor of a and 60?
10
Suppose 2*a = 3*r + 57, -2*r + 74 = -2*a + 6*a. Calculate the highest common factor of a and 105.
21
Let y(h) = h**2 - 6*h + 5. Suppose -x - 2*t = 3*t + 8, 3*t = -9. Let u be y(x). Calculate the highest common factor of u and 48.
12
Let q(t) = 4*t**3 - 3*t**2 + 2*t. Let j be q(2). Let i(d) = 2*d**2 + 5*d - 6. Let w be i(6). Calculate the greatest common factor of j and w.
24
Suppose 3*z - 4*x = -7 + 39, -z + x = -11. What is the highest common factor of z and 30?
6
Let r = -16 + 19. Calculate the highest common factor of 39 and r.
3
Let s(t) = 3*t - 5. Let g be s(7). Let a(o) = -o**3 + 8. Let m be a(0). Calculate the highest common divisor of m and g.
8
Let r = -1 - -21. Let b = 13 + r. Calculate the highest common factor of 22 and b.
11
Let m(b) = -b**3 + 5*b**2 - 4*b + 4. Let u be m(2). Calculate the greatest common factor of 24 and u.
8
Let u = -9 - -13. Suppose 2*k = 4*k - u. Suppose -y + n = k*y - 291, -3*y + 300 = 2*n. What is the greatest common factor of 14 and y?
14
Suppose -4*n = -4*f + 124, 2 = -f - 1. Let q = -22 + n. Let p = q + 155. What is the greatest common divisor of p and 9?
9
Suppose -5*j + 28 = 2*a - 55, 5*j = 3*a + 63. Let l = j - 8. Calculate the highest common divisor of l and 28.
7
Let l(v) = 3*v - 2. Let j be l(3). Suppose 19 = 3*r + f, -2*r = f - 6*f - j. Let k = -62 + 116. Calculate the greatest common factor of k and r.
6
Let j(r) = 2*r**2 + 8*r + 6. Let w be j(-6). Let v = w - 0. What is the highest common divisor of 6 and v?
6
Let g = 37 + -36. Let t = -13 - -21. Calculate the greatest common divisor of t and g.
1
Let o be (2/(-5))/((-6)/(-60)). Let p be (-3)/o - (-105)/20. Suppose 2*n - 4*n + 36 = 0. What is the highest common divisor of p and n?
6
Suppose -2*r - 15 = -5*r. What is the highest common factor of r and 35?
5
Suppose 2*a = 5*a - 45. Suppose 3*s = 4*u + 9, s = -0*u - 2*u + 3. What is the greatest common factor of s and a?
3
Suppose 0 = 4*h - 61 + 13. Let z = 14 - 9. Suppose -z*y + 402 = -18. What is the greatest common divisor of y and h?
12
Let k(j) = 49*j - 3. Let m be k(3). Let f be (-1 - 3)/(1/(-2)). Let r be (-2)/8 - (-146)/f. Calculate the highest common factor of r and m.
18
Let q be 1/(2 + -3) + -6. Let m = q + 16. Let j = 58 - 31. What is the greatest common factor of m and j?
9
Let g(t) = t**3 - 4*t**2 + t + 3. Let o be g(6). Let d = 16 - 7. Calculate the greatest common factor of d and o.
9
Let n be 13/3 - (-8)/(-6). Suppose x + n*x - 480 = 0. Let f be (-2)/2 + 2*8. Calculate the greatest common divisor of x and f.
15
Let a = 500 + -293. What is the greatest common divisor of 23 and a?
23
Suppose -5*q + 3*j + 65 = 0, -2*q - j - 27 = -4*q. What is the greatest common factor of 48 and q?
16
Let o be (-4)/6 - (-194)/3. Let r(j) = -11*j - 3*j**2 - j + 3*j**2 - 3 - j**2. Let k be r(-11). What is the highest common factor of k and o?
8
Let s be (9 - 4/1) + 105. What is the greatest common factor of s and 88?
22
Suppose -2*m + 2*i + 46 = 0, 2*m = -m + i + 63. Suppose -2*g - 3*p - 7 = 0, -3*g + 4*g + 3*p = -11. Calculate the greatest common divisor of g and m.
4
Let u = -37 + 85. Let h = 69 - 63. Calculate the highest common divisor of h and u.
6
Suppose 0*y + 11*y = 660. Let u = -21 + 33. What is the greatest common divisor of y and u?
12
Let c be (-9)/(-2) - 1/(-2). Suppose p + 3 = 2*